common divisor of 3 and l?
1
Let z = -9 + 17. Let x be (0 - 1) + -11 + 2. Let l be (-4)/x + 9/15. Calculate the greatest common factor of z and l.
1
Suppose 3*s + d - 92 = -0*d, 0 = 2*s - 4*d - 38. Let x = -15 + s. What is the highest common divisor of 42 and x?
14
Suppose n = -3*d + 1 - 8, 15 = 5*n + 5*d. Calculate the highest common divisor of 64 and n.
8
Let b(w) = -w**3 - 7*w**2 - 2*w - 3. Let z be b(-8). Calculate the highest common factor of 11 and z.
11
Suppose 3*b - 7 = -1. Suppose b*u - 63 = -5*v, 4*v = 2*u - 4*u + 50. Let o = 155 - 51. What is the greatest common factor of v and o?
13
Suppose -5*l + 808 = 4*z, l = -z - 38 + 241. What is the highest common factor of z and 23?
23
Let y = -14 - -39. What is the highest common divisor of y and 10?
5
Let n be 15/(-6)*-2*1. Suppose 56 = n*q - 24. Suppose 2*i - q = -4*l, 5 + 10 = 5*l. What is the highest common divisor of 14 and i?
2
Let i(x) = 8*x - 8. Let t be i(25). What is the greatest common divisor of 48 and t?
48
Let z be -3*((-33)/9 - 3). Suppose -2*t + 7*t - z = 0, -4*u + 3*t = -564. What is the highest common factor of 16 and u?
16
Suppose -b + 3*b - 4*j = 26, 28 = 4*b - 2*j. Calculate the highest common divisor of 20 and b.
5
Suppose 5*y - 4*j = 60, -2*y - 2*y + 37 = -j. Suppose -h - 2*h + 6 = 0. Suppose -h*i = -y - 10. What is the highest common divisor of 36 and i?
9
Let u = 18 - 13. Calculate the highest common divisor of 40 and u.
5
Suppose -24 = -2*n + 4. Calculate the greatest common factor of 42 and n.
14
Suppose h = 7 - 3. Let v = 2 + 1. Suppose -p + 2*a + 25 = 5*a, 0 = v*a - 15. What is the highest common factor of h and p?
2
Suppose 4*s - 5*o + 0*o - 21 = 0, 5*s = 2*o + 22. What is the greatest common factor of 44 and s?
4
Let b be 1056/(-36)*3/(-2). Calculate the highest common divisor of b and 11.
11
Suppose -2*c + 50 = 5*o, -9*o + 4*o = -2*c - 50. What is the greatest common divisor of 110 and o?
10
Suppose 0*q = q + 3*l - 2, l + 2 = 0. Let o = q + -7. Let v be o/(-2) - (-66)/4. What is the greatest common factor of v and 2?
2
Suppose 0 = 2*g - g - 2. Let f be 1*(11 + g)*4. What is the greatest common divisor of 26 and f?
26
Let a(i) be the first derivative of i**3/3 - 4*i**2 - 9*i + 3. Let q be a(9). Let k be -2*(q + 1) + 9. Calculate the highest common divisor of 49 and k.
7
Let d(c) = c**2 + c + 230. Let x be d(0). Suppose 5*a - x - 190 = 0. Suppose 4*y = 172 + a. Calculate the highest common factor of 8 and y.
8
Suppose -5*k + 2*n + 154 = -41, -3*n = k - 39. Suppose -3*q + 129 = k. Calculate the highest common divisor of q and 15.
15
Let b = 1 + 11. Calculate the greatest common divisor of 18 and b.
6
Suppose -3*v + 6 = -4*v. Let c = v + 42. Calculate the highest common divisor of 90 and c.
18
Suppose 2*v = -2*v + 308. Let j(x) = -x**2 + 2. Let f be j(0). Let p be ((-3)/((-3)/14))/f. What is the highest common divisor of p and v?
7
Let p be (1/(-2))/((-1)/6). Let y = 0 + 4. Suppose -6 - 2 = -y*l. Calculate the greatest common divisor of l and p.
1
Let g be (-2)/(-4) + 66/4. Suppose -2*v + 5*h = 2*v + g, 0 = v - 3*h + 13. What is the highest common divisor of 22 and v?
2
Let t = 9 - 6. Suppose 4*k - 5*b = 40, -t*k = -2*k - 3*b - 3. Let h = 26 + -16. Calculate the greatest common factor of k and h.
5
Suppose 0*l - 30 = l. Let c be 36/(-21)*63/(-2). Let v = l + c. Calculate the highest common factor of 36 and v.
12
Let u(n) = -n**2 + 14*n - 12. Let k be u(11). What is the highest common factor of 7 and k?
7
Suppose -62 = -5*b - 17. Calculate the highest common divisor of 45 and b.
9
Let t(v) = -10*v - 108. Let w be t(-14). Let n(s) = 80*s**2. Let f be n(-1). Calculate the greatest common factor of w and f.
16
Suppose 4*j + 11 = -5. Let v be 11 + j - (0 + 0). What is the highest common divisor of 35 and v?
7
Let n = 70 - 50. Calculate the highest common factor of 12 and n.
4
Let k = 7 - -13. Let v = 11 + -7. Suppose -k = -v*l - 0*l. What is the greatest common divisor of 45 and l?
5
Let l(w) = 0*w + 2*w + w + 3*w**2 - 2*w**2 + 2. Let y be l(-4). Suppose 2*o = o + y. What is the highest common factor of o and 48?
6
Let m = -62 - -177. Calculate the highest common divisor of 46 and m.
23
Suppose -151 = -4*n - 47. Calculate the greatest common factor of n and 195.
13
Suppose -3*b + 8*b = -210. Let a = b - -63. What is the greatest common factor of 63 and a?
21
Let w = -67 - -127. Let h be 2/(((-14)/(-12))/7). Calculate the greatest common factor of h and w.
12
Let f be 327/12 + (-1)/4. Calculate the greatest common factor of 27 and f.
27
Suppose 0 = i + 2*i + 18. Let o be ((-4)/(-10))/(i/(-180)). What is the greatest common factor of o and 72?
12
Suppose 4*m + 5*j = -33, 2*m + 9 = -0*m - j. Let q = m + 24. Let x = q + -8. What is the highest common divisor of 14 and x?
14
Let m(p) = p - 3. Let n be m(6). Suppose -n*k + 5*i = -65, -k + 5*i + 2 + 3 = 0. What is the highest common divisor of 15 and k?
15
Let k(g) = 22*g - 10. Let d be k(5). What is the greatest common divisor of d and 25?
25
Let p = 3 + 0. Suppose 7*t - 2*t = -35. Let d = t + 28. What is the greatest common divisor of p and d?
3
Let h(l) = l**2 + 2*l + 16. Let i be h(0). Calculate the highest common factor of 24 and i.
8
Suppose 4*t - 108 = -4*r, -3*r - t - 1 + 84 = 0. What is the highest common divisor of 224 and r?
28
Let h be (60 - 0)/(3/2). What is the highest common factor of 20 and h?
20
Let d(p) = -p + 3. Let v be d(-3). Let a(z) = -2*z. Let f be a(v). Let k = 23 + f. What is the greatest common factor of 1 and k?
1
Let x(i) = 2*i**2 + i. Let o be x(-3). Suppose o + 8 = h. Calculate the highest common divisor of 115 and h.
23
Let y be 2 - -4*2/4. Suppose 3*k - 38 = y. Calculate the greatest common divisor of k and 2.
2
Suppose -510 = s - 6*s. Suppose 0 = 3*k - 528 - s. Calculate the highest common divisor of k and 21.
21
Suppose 13*j - 16 = 11*j. Let v(q) = -q + 4. Let z be v(0). Let w = 24 - z. What is the highest common factor of j and w?
4
Suppose -3*h - 2*w - 20 = 0, 2*h + 6 + 12 = w. Let u(p) = p**3 + 8*p**2 - p. Let d be u(h). Calculate the highest common divisor of d and 24.
8
Let s(w) = 10*w - 5. Let m be s(2). What is the highest common factor of 45 and m?
15
Let r(m) = m**2 - m + 3. Let w be r(5). Suppose 2*x + 7 = w. What is the highest common divisor of 2 and x?
2
Suppose 0 = f - 5*i - 1, 2*f - 6 - 23 = i. Suppose g + 0 = 2. Suppose -54 + 22 = -g*p. Calculate the highest common divisor of f and p.
16
Suppose -2*g + 1 + 3 = 0. Suppose 0*z = -4*z - 4*q + 368, 0 = -g*z + 3*q + 199. What is the highest common factor of 19 and z?
19
Let w be ((-8)/(-5))/((-4)/(-150)). Suppose -10*b + 6*b = -48. Calculate the greatest common factor of w and b.
12
Let i = 9 + -7. Suppose i + 8 = -q - 4*l, 3*q = -2*l. Suppose -3*p - q*p = -75. What is the greatest common divisor of p and 120?
15
Suppose -3*o - 2*i = -7*o + 82, 5*o + i - 106 = 0. Suppose 5*v - o = 24. What is the highest common divisor of 81 and v?
9
Suppose s - 5*s - 5*d = -40, 0 = 5*s - d - 79. Let u be ((-5)/(-7 + 2))/((-2)/(-6)). Calculate the highest common factor of s and u.
3
Let d be 32/(-18) + (-2)/9. Let q be -18*(-1 - d/(-4)). Suppose -2*h = 3*h - 90. What is the highest common factor of q and h?
9
Suppose -3*v - v - 40 = 0. Let x be (-6)/v - 744/(-10). Calculate the greatest common factor of 15 and x.
15
Let h(d) = -d - 1. Let p be h(-6). Let b(a) = -a**2 + 7*a. Let x be b(p). Let m = 3 - -47. Calculate the greatest common factor of x and m.
10
Suppose 0 = 4*p + p + 4*d - 36, -2*p - 3*d = -20. What is the greatest common divisor of p and 36?
4
Let z(u) = 2*u**2 - 3*u. Let c be z(2). Let k be 5 - -1*2/c. Let n = k + -4. What is the highest common factor of n and 2?
2
Suppose -2*t - 50 = 3*t. Let u be (-118)/t + 1/5. Suppose 0 = -h + 2*f + 12, -7 = -2*h - 5*f - 1. Calculate the highest common divisor of h and u.
4
Let n(m) = m**2 + 3*m + 7. Let l be n(-4). Calculate the greatest common divisor of 33 and l.
11
Suppose 20 = -3*b - 4. Let x be (-62)/(-8) + (-2)/b. Suppose -2*k = -x, 0 = -u + k + 4*k. What is the greatest common divisor of u and 2?
2
Suppose -5*b + 18 + 12 = -5*l, -3 = -5*b - 4*l. Suppose 2*i + 4*j = 110, 0*i = 3*i - b*j - 201. What is the highest common factor of i and 9?
9
Suppose 4*t + 4*l - 20 = 4, 0 = 2*t + 4*l - 